{"id":295,"date":"2019-02-25T09:31:29","date_gmt":"2019-02-25T09:31:29","guid":{"rendered":"https:\/\/santosexavier.com.br\/?page_id=295"},"modified":"2026-01-25T21:09:56","modified_gmt":"2026-01-26T00:09:56","slug":"home","status":"publish","type":"page","link":"https:\/\/santosexavier.com.br\/","title":{"rendered":"Home"},"content":{"rendered":"\n\n\t\t\t<h1>\n\t\t\t\t\tAposentado e pensionista: Pare de pagar Imposto de Renda indevidamente\n\t\t\t\t<\/h1>\n\t\t\t<p>Se voc\u00ea possui uma doen\u00e7a grave, a <b data-path-to-node=\"10,0\" data-index-in-node=\"36\">Lei 7.713\/88<\/b> garante a isen\u00e7\u00e3o total e a restitui\u00e7\u00e3o dos valores dos \u00faltimos 5 anos. Atuamos no administrativo e judicial (Receita Federal, INSS, SPPREV, Prefeitura e outras) para recuperar seu dinheiro.<\/p>\n\t\t\t<a href=\"https:\/\/api.whatsapp.com\/send?phone=5511977665374&#038;text=Ol%C3%A1!%20Podemos%20conversar%20sobre%20minha%20isen%C3%A7%C3%A3o%20e%20restitui%C3%A7%C3%A3o%20do%20imposto%20de%20renda?\" target=\"_self\"  role=\"button\">\n\t\t\t\t\t\tFalar com especialista!\n\t\t<\/a>\n\t\t\t<h2>\n\t\t\t\t\tConfira se a sua doen\u00e7a d\u00e1 direito \u00e0 Isen\u00e7\u00e3o (Lei 7.713\/88)\n\t\t\t\t<\/h2>\n\t\t\t<p>A Lei N\u00ba 7.713\/1988, no artigo 6\u00ba incisos XIV e XXI, estabelece o direito \u00e0 isen\u00e7\u00e3o e devolu\u00e7\u00e3o do Imposto de Renda cobrado sobre seus proventos de aposentadoria, reforma ou pens\u00e3o de at\u00e9 os \u00faltimos cinco (5) anos, na ocorr\u00eancia das seguintes doen\u00e7as:<\/p>\n\t<ul>\n\t\t<li>\t\t\t\t\n\t\t<h5>Aliena\u00e7\u00e3o mental (Alzheimer, etc.)<\/h5><\/li><li>\t\t\t\t\n\t\t<h5>Cardiopatia grave (cirurgias card\u00edacas, etc.)<\/h5><\/li><li>\t\t\t\t\n\t\t<h5>Cegueira (bilateral ou monolateral)<\/h5><\/li><li>\t\t\t\t\n\t\t<h5>Contamina\u00e7\u00e3o por radia\u00e7\u00e3o<\/h5><\/li><li>\t\t\t\t\n\t\t<h5>Doen\u00e7a de Paget (oste\u00edte deformante)<\/h5><\/li><li>\t\t\t\t\n\t\t<h5>Doen\u00e7a de Parkinson<\/h5><\/li><li>\t\t\t\t\n\t\t<h5>Esclerose m\u00faltipla<\/h5><\/li><li>\t\t\t\t\n\t\t<h5>Espondiloartrose anquilosante (coluna vertebral)<\/h5><\/li><li>\t\t\t\t\n\t\t<h5>Hansen\u00edase (Lepra)<\/h5><\/li><li>\t\t\t\t\n\t\t<h5>Hepatopatia grave (f\u00edgado, hepatite, etc.)<\/h5><\/li><li>\t\t\t\t\n\t\t<h5>Mol\u00e9stias profissionais (adquiridas na atividade laboral)<\/h5><\/li><li>\t\t\t\t\n\t\t<h5>Nefropatia grave (rins)<\/h5><\/li><li>\t\t\t\t\n\t\t<h5>Neoplasia mal\u00edgna (C\u00e2ncer)<\/h5><\/li><li>\t\t\t\t\n\t\t<h5>S\u00edndrome da imunodefici\u00eancia adquirida (AIDS)<\/h5><\/li><li>\t\t\t\t\n\t\t<h5>Paralisia irrevers\u00edvel e incapacitante<\/h5><\/li><li>\t\t\t\t\n\t\t<h5>Tuberculose ativa<\/h5><\/li>\t<\/ul>\n\t\t\t\t<img decoding=\"async\" src=\"http:\/\/santosexavier.com.br\/wp-content\/uploads\/2026\/01\/PIC-390X500-007.jpg\" alt=\"PIC 390X500 007\" itemprop=\"image\"\/>\n\t\t\t<h4>\n\t\t\t\t\tQuem somos?\n\t\t\t\t<\/h4>\n\t\t\t<p>Desde 2020, j\u00e1 ajudamos centenas de aposentados e pensionistas a recuperarem seus direitos junto \u00e0 Receita Federal, SPPREV e outras Fontes Pagadoras. Atua\u00e7\u00e3o administrativa e judicial segura para garantir sua isen\u00e7\u00e3o.<\/p>\n\t\t\t\t<img decoding=\"async\" src=\"http:\/\/santosexavier.com.br\/wp-content\/uploads\/2023\/06\/PIC-390X500-001.jpg\" alt=\"PIC 390X500 001\" itemprop=\"image\"\/>\n\t\t\t<h4>\n\t\t\t\t\tPagamento no \u00caxito\n\t\t\t\t<\/h4>\n\t\t\t<p>Nossos honor\u00e1rios incidem exclusivamente sobre o proveito econ\u00f4mico obtido, ou seja, a remunera\u00e7\u00e3o do escrit\u00f3rio s\u00f3 \u00e9 devida no momento em que a restitui\u00e7\u00e3o for creditada em sua conta e\/ou quando o desconto do IR cessar no contracheque.<\/p>\n\t\t\t<h2>\n\t\t\t\t\tVeja como \u00e9 receber seu retroativo pela via Administrativa\n\t\t\t\t<\/h2>\n\t\t\t<h4>\n\t\t\t\t\tComo fazemos?\n\t\t\t\t<\/h4>\n\t\t\t<p>Coletamos os documentos e laudos m\u00e9dicos que comprovam a patologia que d\u00e1 direito \u00e0 isen\u00e7\u00e3o do imposto de renda, para a an\u00e1lise de um m\u00e9dico perito parceiro de nossa empresa e providenciamos os processos administrativos necess\u00e1rios para a isen\u00e7\u00e3o do imposto e recupera\u00e7\u00e3o do que foi descontado na fonte desde a data da aposentadoria ou pens\u00e3o e desde a data da doen\u00e7a. Atuamos na \u00e1rea administrativa e judicial, em contato direto com a Receita Federal, na SPPREV e tamb\u00e9m outras fontes pagadoras.<\/p>\n\t\t\t<h2>\n\t\t\t\t\tCalcule sua restitui\u00e7\u00e3o\n\t\t\t\t<\/h2>\n\t<div class=\"wpforms-container \" id=\"wpforms-1108\"><form id=\"wpforms-form-1108\" class=\"wpforms-validate wpforms-form wpforms-ajax-form\" data-formid=\"1108\" method=\"post\" enctype=\"multipart\/form-data\" action=\"\/index.php?rest_route=%2Fwp%2Fv2%2Fpages%2F295\" data-token=\"af73c95ae55517b7e09b8d4003e5826b\" data-token-time=\"1776697972\"><noscript class=\"wpforms-error-noscript\">Ative o JavaScript no seu navegador para preencher este formul\u00e1rio.<\/noscript><div class=\"wpforms-field-container\"><div id=\"wpforms-1108-field_13-container\" class=\"wpforms-field wpforms-field-text\" data-field-id=\"13\"><label class=\"wpforms-field-label\" for=\"wpforms-1108-field_13\">Nome completo <span class=\"wpforms-required-label\">*<\/span><\/label><input type=\"text\" id=\"wpforms-1108-field_13\" class=\"wpforms-field-medium wpforms-field-required\" name=\"wpforms[fields][13]\" required><\/div><div id=\"wpforms-1108-field_14-container\" class=\"wpforms-field wpforms-field-text\" data-field-id=\"14\"><label class=\"wpforms-field-label\" for=\"wpforms-1108-field_14\">N\u00famero WhatsApp <span class=\"wpforms-required-label\">*<\/span><\/label><input type=\"text\" id=\"wpforms-1108-field_14\" class=\"wpforms-field-medium wpforms-field-required\" name=\"wpforms[fields][14]\" required><\/div><div id=\"wpforms-1108-field_15-container\" class=\"wpforms-field wpforms-field-text\" data-field-id=\"15\"><label class=\"wpforms-field-label\" for=\"wpforms-1108-field_15\">Qual o valor aproximado da sua aposentadoria\/pens\u00e3o? <span class=\"wpforms-required-label\">*<\/span><\/label><input type=\"text\" id=\"wpforms-1108-field_15\" class=\"wpforms-field-medium wpforms-field-required\" name=\"wpforms[fields][15]\" required><\/div><div id=\"wpforms-1108-field_6-container\" class=\"wpforms-field wpforms-field-select wpforms-field-select-style-classic\" data-field-id=\"6\"><label class=\"wpforms-field-label\" for=\"wpforms-1108-field_6\">Qual a sua mol\u00e9stia grave? <span class=\"wpforms-required-label\">*<\/span><\/label><select id=\"wpforms-1108-field_6\" class=\"wpforms-field-medium wpforms-field-required\" name=\"wpforms[fields][6]\" required=\"required\"><option value=\"\" class=\"placeholder\" disabled  selected='selected'>--- Selecione a escolha ---<\/option><option value=\"Aliena\u00e7\u00e3o mental (Alzheimer, etc.)\"  class=\"choice-4 depth-1\"  >Aliena\u00e7\u00e3o mental (Alzheimer, etc.)<\/option><option value=\"Cardiopatia grave (cirurgias card\u00edacas, etc.)\"  class=\"choice-1 depth-1\"  >Cardiopatia grave (cirurgias card\u00edacas, etc.)<\/option><option value=\"Cegueira (bilateral ou monolateral)\"  class=\"choice-2 depth-1\"  >Cegueira (bilateral ou monolateral)<\/option><option value=\"Contamina\u00e7\u00e3o por radia\u00e7\u00e3o\"  class=\"choice-3 depth-1\"  >Contamina\u00e7\u00e3o por radia\u00e7\u00e3o<\/option><option value=\"Doen\u00e7a de Paget (oste\u00edte deformante)\"  class=\"choice-13 depth-1\"  >Doen\u00e7a de Paget (oste\u00edte deformante)<\/option><option value=\"Doen\u00e7a de Parkinson\"  class=\"choice-12 depth-1\"  >Doen\u00e7a de Parkinson<\/option><option value=\"Esclerose m\u00faltipla\"  class=\"choice-11 depth-1\"  >Esclerose m\u00faltipla<\/option><option value=\"Espondiloartrose anquilosante (coluna vertebral)\"  class=\"choice-10 depth-1\"  >Espondiloartrose anquilosante (coluna vertebral)<\/option><option value=\"Hansen\u00edase (Lepra)\"  class=\"choice-9 depth-1\"  >Hansen\u00edase (Lepra)<\/option><option value=\"Hepatopatia grave (f\u00edgado, hepatite, etc.)\"  class=\"choice-8 depth-1\"  >Hepatopatia grave (f\u00edgado, hepatite, etc.)<\/option><option value=\"Mol\u00e9stias profissionais (adquiridas na atividade laboral)\"  class=\"choice-7 depth-1\"  >Mol\u00e9stias profissionais (adquiridas na atividade laboral)<\/option><option value=\"Nefropatia grave (rins)\"  class=\"choice-6 depth-1\"  >Nefropatia grave (rins)<\/option><option value=\"Neoplasia mal\u00edgna (C\u00e2ncer)\"  class=\"choice-5 depth-1\"  >Neoplasia mal\u00edgna (C\u00e2ncer)<\/option><option value=\"S\u00edndrome da imunodefici\u00eancia adquirida (AIDS)\"  class=\"choice-15 depth-1\"  >S\u00edndrome da imunodefici\u00eancia adquirida (AIDS)<\/option><option value=\"Paralisia irrevers\u00edvel e incapacitante\"  class=\"choice-14 depth-1\"  >Paralisia irrevers\u00edvel e incapacitante<\/option><option value=\"Tuberculose ativa\"  class=\"choice-16 depth-1\"  >Tuberculose ativa<\/option><\/select><\/div>\t\t<div id=\"wpforms-1108-field_1-container\"\n\t\t\tclass=\"wpforms-field wpforms-field-text\"\n\t\t\tdata-field-type=\"text\"\n\t\t\tdata-field-id=\"1\"\n\t\t\t>\n\t\t\t<label class=\"wpforms-field-label\" for=\"wpforms-1108-field_1\" >H\u00e1 completo sua<\/label>\n\t\t\t<input type=\"text\" id=\"wpforms-1108-field_1\" class=\"wpforms-field-medium\" name=\"wpforms[fields][1]\" >\n\t\t<\/div>\n\t\t<div id=\"wpforms-1108-field_12-container\" class=\"wpforms-field wpforms-field-select wpforms-field-select-style-classic\" data-field-id=\"12\"><label class=\"wpforms-field-label\" for=\"wpforms-1108-field_12\">H\u00e1 quanto tempo possui o diagn\u00f3stico? <span class=\"wpforms-required-label\">*<\/span><\/label><select id=\"wpforms-1108-field_12\" class=\"wpforms-field-medium wpforms-field-required\" name=\"wpforms[fields][12]\" required=\"required\"><option value=\"\" class=\"placeholder\" disabled  selected='selected'>--- Selecione a escolha ---<\/option><option value=\"5 anos ou mais\"  class=\"choice-4 depth-1\"  >5 anos ou mais<\/option><option value=\"4 anos\"  class=\"choice-1 depth-1\"  >4 anos<\/option><option value=\"3 anos\"  class=\"choice-2 depth-1\"  >3 anos<\/option><option value=\"2 anos\"  class=\"choice-3 depth-1\"  >2 anos<\/option><option value=\"1 ano\"  class=\"choice-13 depth-1\"  >1 ano<\/option><\/select><\/div><script>\n\t\t\t\t( function() {\n\t\t\t\t\tconst style = document.createElement( 'style' );\n\t\t\t\t\tstyle.appendChild( document.createTextNode( '#wpforms-1108-field_1-container { position: absolute !important; overflow: hidden !important; display: inline !important; height: 1px !important; width: 1px !important; z-index: -1000 !important; padding: 0 !important; } #wpforms-1108-field_1-container input { visibility: hidden; } #wpforms-conversational-form-page #wpforms-1108-field_1-container label { counter-increment: none; }' ) );\n\t\t\t\t\tdocument.head.appendChild( style );\n\t\t\t\t\tdocument.currentScript?.remove();\n\t\t\t\t} )();\n\t\t\t<\/script><\/div><!-- .wpforms-field-container --><div class=\"wpforms-submit-container\" ><input type=\"hidden\" name=\"wpforms[id]\" value=\"1108\"><input type=\"hidden\" name=\"page_title\" value=\"\"><input type=\"hidden\" name=\"page_url\" value=\"https:\/\/santosexavier.com.br\/index.php?rest_route=\/wp\/v2\/pages\/295\"><input type=\"hidden\" name=\"url_referer\" value=\"\"><button type=\"submit\" name=\"wpforms[submit]\" id=\"wpforms-submit-1108\" class=\"wpforms-submit\" data-alt-text=\"Enviando...\" data-submit-text=\"CALCULAR MEU RETROATIVO\" aria-live=\"assertive\" value=\"wpforms-submit\">CALCULAR MEU RETROATIVO<\/button><img loading=\"lazy\" decoding=\"async\" src=\"https:\/\/santosexavier.com.br\/wp-content\/plugins\/wpforms-lite\/assets\/images\/submit-spin.svg\" class=\"wpforms-submit-spinner\" style=\"display: none;\" width=\"26\" height=\"26\" alt=\"Carregando\"><\/div><\/form><\/div>  <!-- .wpforms-container -->\n<h1>\n\t\t\tVeja o que nossos clientes t\u00eam a dizer\t<\/h1>\n\t<p>&#8220;Tive o prazer de usar os servi\u00e7os profissionais do Felipe Xavier para obter o Requerimento de Isen\u00e7\u00e3o junto \u00e0 Receita Federal com excelente sucesso.&#8221;<\/p>\n\t\t\t\t<img decoding=\"async\" src=\"http:\/\/santosexavier.com.br\/wp-content\/uploads\/2024\/08\/DEPOIMENTOS-512X512-001.jpg\" alt=\"DEPOIMENTOS 512X512 001\" itemprop=\"image\" title=\"DEPOIMENTOS 512X512 001\" onerror=\"this.style.display='none'\" loading=\"lazy\" \/>\n\t<strong>LUIZ FERNANDO DO NASCIMENTO<br \/>\n<\/strong>Despachante Aduaneiro aposentado pelo <strong>INSS<\/strong>\n\t<p>&#8220;Por indica\u00e7\u00e3o de uma amiga entrei em contato com o Felipe Xavier para a isen\u00e7\u00e3o de imposto de renda de minha m\u00e3e que perdeu a vis\u00e3o total de uma vista. O que posso relatar sobre essa situa\u00e7\u00e3o \u00e9 que os servi\u00e7os foram prestados com tanta compet\u00eancia que no per\u00edodo de meses resgatamos o imposto retido dos \u00faltimos 5 anos na Receita Federal, ele nos acompanhou em todas as per\u00edcias m\u00e9dicas. Hoje minha m\u00e3e \u00e9 isenta e s\u00f3 tenho a agradecer por ter encontrado esse profissional comprometido e dedicado.&#8221;<\/p>\n\t\t\t\t<img decoding=\"async\" src=\"http:\/\/santosexavier.com.br\/wp-content\/uploads\/2024\/08\/DEPOIMENTOS-512X512-003.jpg\" alt=\"DEPOIMENTOS 512X512 003\" itemprop=\"image\" title=\"DEPOIMENTOS 512X512 003\" onerror=\"this.style.display='none'\" loading=\"lazy\" \/>\n\t<strong>THEREZINHA DE JESUS ANDRADE PIRANI<br \/>\n<\/strong>Diretora de Escola e Professora aposentada pela <b>Prefeitura de S\u00e3o Paulo<\/b>\n\t<p>&#8220;Alguns anos atr\u00e1s, com um c\u00e2ncer de intestino, resolvi pedir minha isen\u00e7\u00e3o do IR para SPPREV, que na per\u00edcia m\u00e9dica negou. Fiquei triste e n\u00e3o pude fazer nada. Foi quando conheci o Felipe, que fez meu pedido de isen\u00e7\u00e3o e conseguiu at\u00e9 restitui\u00e7\u00f5es de anos anteriores, portanto sou muito grata.&#8221;<\/p>\n\t\t\t\t<img decoding=\"async\" src=\"http:\/\/santosexavier.com.br\/wp-content\/uploads\/2024\/08\/DEPOIMENTOS-512X512-002.jpg\" alt=\"DEPOIMENTOS 512X512 002\" itemprop=\"image\" title=\"DEPOIMENTOS 512X512 002\" onerror=\"this.style.display='none'\" loading=\"lazy\" \/>\n\t<strong>IGUES VAZ TEIXEIRA<br \/>\n<\/strong>Professora aposentada pela <b>SPPREV<\/b>\n\t<p>&#8220;Gra\u00e7as a insist\u00eancia, resili\u00eancia e dedica\u00e7\u00e3o do Felipe Xavier pude comemorar o \u00eaxito de seu trabalho junto a RFB. Ele conseguiu resgatar meu retroativo dos \u00faltimos 5 anos, antes tive de lamentar a n\u00e3o aprova\u00e7\u00e3o desse pleito junto a SPPREV. Recomendo a todos o trabalho do Xavier, profissional educado, dedicado e honesto.&#8221;<\/p>\n\t\t\t\t<img decoding=\"async\" src=\"http:\/\/santosexavier.com.br\/wp-content\/uploads\/2024\/11\/DEPOIMENTOS-512X512-004.jpg\" alt=\"DEPOIMENTOS 512X512 004\" itemprop=\"image\" title=\"DEPOIMENTOS 512X512 004\" onerror=\"this.style.display='none'\" loading=\"lazy\" \/>\n\t<strong>AKIO YADOYA<br \/>\n<\/strong>Perito Criminal aposentado pela <b>SPPREV<\/b>\n\t\t\t<h2>\n\t\t\t\t\tPerguntas Frequentes\n\t\t\t\t<\/h2>\n\t<ul>\n\t\t<li>\t\t\t\t\n\t\t<h5>Fui isento e perdi a isen\u00e7\u00e3o, consigo fazer a isen\u00e7\u00e3o novamente e tamb\u00e9m recuperar o imposto? <\/h5><p>Sim, \u00e9 poss\u00edvel. Vai depender do per\u00edodo em que a patologia esteve presente (e\/ou se ainda permanece).<\/p><\/li><li>\t\t\t\t\n\t\t<h5>Tive a isen\u00e7\u00e3o negada na SPPREV, mesmo assim consigo recuperar o imposto?<\/h5><p>Sim, \u00e9 poss\u00edvel, com os documentos m\u00e9dicos que comprovam a patologia.<\/p><\/li><li>\t\t\t\t\n\t\t<h5>Al\u00e9m dos documentos e laudos m\u00e9dicos, quais outros documentos s\u00e3o necess\u00e1rios para dar entrada nos \u00f3rg\u00e3os competentes?<\/h5><p>Al\u00e9m dos documentos m\u00e9dicos s\u00e3o necess\u00e1rios os seguintes documentos: identifica\u00e7\u00e3o pessoal: RG ou CNH; comprovante de endere\u00e7o; declara\u00e7\u00f5es do imposto de renda dos anos dos quais se deseja recuperar o imposto; informes anuais de rendimento das fontes pagadoras da(s) aposentadoria(s) ou pens\u00e3o(\u00f5es); procura\u00e7\u00f5es (em papel e eletr\u00f4nicas) para o procurador poder agir.<\/p><\/li><li>\t\t\t\t\n\t\t<h5>Como comprovar as doen\u00e7as?<\/h5><p>Comprova-se com exames de laborat\u00f3rios e laudos anexos aos exames laboratoriais, relat\u00f3rios m\u00e9dicos decorrentes dos exames laboratoriais, relat\u00f3rios m\u00e9dicos referentes a cirurgias executadas (de prefer\u00eancia relat\u00f3rios antes e ap\u00f3s as cirurgias), relat\u00f3rios m\u00e9dicos de acompanhamento da situa\u00e7\u00e3o do paciente ap\u00f3s as cirurgias e at\u00e9 datas recentes, relat\u00f3rios m\u00e9dicos recentes sobre a condi\u00e7\u00e3o do paciente. Todos esses documentos m\u00e9dicos devem cobrir todo o per\u00edodo que se deseja comprovar. Incluir exames e laudos de datas antigas e recentes. Para a SPPREV, os relat\u00f3rios e exames devem ter menos de 6 meses. Para a Receita Federal, devem cobrir todos o per\u00edodo a ser considerado (at\u00e9 os \u00faltimos 5 anos).<\/p><\/li><li>\t\t\t\t\n\t\t<h5>De qual per\u00edodo ser\u00e1 a minha restitui\u00e7\u00e3o?<\/h5><p>A devolu\u00e7\u00e3o \u00e9 contada desde o m\u00eas em que ocorreu a aposentadoria\/pens\u00e3o, se a pessoa j\u00e1 estava doente nesse m\u00eas. Ser\u00e1 desde o m\u00eas em que ocorreu a doen\u00e7a, desde que a pessoa seja aposentada e\/ou pensionista.<\/p><\/li><li>\t\t\t\t\n\t\t<h5>Quanto tempo demora o processo administrativo?<\/h5><p>Diferente da via judicial da qual um processo leva de dois a tr\u00eas anos para ser conclu\u00eddo, na Receita Federal o processo demora de tr\u00eas \u00e0 seis meses.<\/p><\/li><li>\t\t\t\t\n\t\t<h5>A restitui\u00e7\u00e3o \u00e9 de todo o imposto de renda pago?<\/h5><p>N\u00e3o. Ser\u00e1 devolvido SOMENTE o imposto de renda calculado sobre os proventos da aposentadoria. O imposto de renda cobrado sobre outros rendimentos n\u00e3o \u00e9 devolvido. Exemplo: n\u00e3o \u00e9 devolvido o imposto de renda sobre alugu\u00e9is recebidos, sobre aplica\u00e7\u00f5es financeiras, sobre sal\u00e1rios recebidos em atividade laboral, sobre lucros agropecu\u00e1rios, sobre lucros distribu\u00eddos por empresa, etc. SOMENTE o imposto de renda sobre a aposentadoria \u00e9 devolvido.<\/p><\/li><li>\t\t\t\t\n\t\t<h5>Quem tem direito \u00e0 isen\u00e7\u00e3o do imposto de renda?<\/h5><p>Aposentados ou reformados (militares) ou pensionistas com doen\u00e7as graves.<\/p><\/li><li>\t\t\t\t\n\t\t<h5>Quem tem direito \u00e0 restitui\u00e7\u00e3o do imposto de renda pago?<\/h5><p>Os mesmos aposentados ou reformados ou pensionistas t\u00eam esse direito, e tamb\u00e9m seus herdeiros.<\/p><\/li><li>\t\t\t\t\n\t\t<h5>O contribuinte faleceu, consigo recuperar o imposto pago?<\/h5><p>Sim, para o esp\u00f3lio (com invent\u00e1rio conclu\u00eddo).<\/p><\/li><li>\t\t\t\t\n\t\t<h5>Qual a Lei que d\u00e1 esse direito?<\/h5><p>\u00c9 a Lei que trata do imposto de renda &#8211; Lei N\u00ba 7.713 de 1988, no artigo 6\u00ba, incisos XIV e XXI.<\/p><\/li><li>\t\t\t\t\n\t\t<h5>Outras doen\u00e7as tamb\u00e9m d\u00e3o direito \u00e0 isen\u00e7\u00e3o e \u00e0 devolu\u00e7\u00e3o?<\/h5><p>N\u00e3o. Somente as doen\u00e7as consideradas pela Lei N\u00ba 7.713\/88.<\/p><\/li>\t<\/ul>\n\t\t\t\t<img decoding=\"async\" src=\"http:\/\/santosexavier.com.br\/wp-content\/uploads\/2024\/08\/LOGO-300X300-RFB.jpg\" alt=\"LOGO 300X300 RFB\" itemprop=\"image\" title=\"LOGO 300X300 RFB\" onerror=\"this.style.display='none'\" loading=\"lazy\" \/>\n\t\t\t\t<img decoding=\"async\" src=\"http:\/\/santosexavier.com.br\/wp-content\/uploads\/2024\/08\/LOGO-300X300-INSS.jpg\" alt=\"LOGO 300X300 INSS\" itemprop=\"image\" title=\"LOGO 300X300 INSS\" onerror=\"this.style.display='none'\" loading=\"lazy\" \/>\n\t\t\t\t<img decoding=\"async\" src=\"http:\/\/santosexavier.com.br\/wp-content\/uploads\/2024\/08\/LOGO-300X300-SUS.jpg\" alt=\"LOGO 300X300 SUS\" itemprop=\"image\" title=\"LOGO 300X300 SUS\" onerror=\"this.style.display='none'\" loading=\"lazy\" \/>\n\t\t\t\t<img decoding=\"async\" src=\"http:\/\/santosexavier.com.br\/wp-content\/uploads\/2024\/08\/LOGO-300X300-SPPREV.jpg\" alt=\"LOGO 300X300 SPPREV\" itemprop=\"image\" title=\"LOGO 300X300 SPPREV\" onerror=\"this.style.display='none'\" loading=\"lazy\" \/>\n\t\t\t\t<img decoding=\"async\" src=\"http:\/\/santosexavier.com.br\/wp-content\/uploads\/2024\/08\/LOGO-300X300-PREF.jpg\" alt=\"LOGO 300X300 PREF\" itemprop=\"image\" title=\"LOGO 300X300 PREF\" onerror=\"this.style.display='none'\" loading=\"lazy\" \/>\n\t\t\t\t<img decoding=\"async\" src=\"http:\/\/santosexavier.com.br\/wp-content\/uploads\/2024\/08\/LOGO-300X300-IAMSPE.jpg\" alt=\"LOGO 300X300 IAMSPE\" itemprop=\"image\" title=\"LOGO 300X300 IAMSPE\" onerror=\"this.style.display='none'\" loading=\"lazy\" \/>\n\n","protected":false},"excerpt":{"rendered":"<p>Aposentado e pensionista: Pare de pagar Imposto de Renda indevidamente Se voc\u00ea possui uma doen\u00e7a grave, a Lei 7.713\/88 garante a isen\u00e7\u00e3o total e a restitui\u00e7\u00e3o dos valores dos \u00faltimos 5 anos. Atuamos no administrativo e judicial (Receita Federal, INSS, SPPREV, Prefeitura e outras) para recuperar seu dinheiro. Falar com especialista! Confira se a sua &hellip;<\/p>\n<p class=\"read-more\"> <a class=\"\" href=\"https:\/\/santosexavier.com.br\/\"> <span class=\"screen-reader-text\">Home<\/span> Leia mais &raquo;<\/a><\/p>\n","protected":false},"author":1,"featured_media":0,"parent":0,"menu_order":0,"comment_status":"closed","ping_status":"closed","template":"","meta":{"om_disable_all_campaigns":false,"site-sidebar-layout":"no-sidebar","site-content-layout":"page-builder","ast-global-header-display":"","ast-banner-title-visibility":"","ast-main-header-display":"","ast-hfb-above-header-display":"","ast-hfb-below-header-display":"","ast-hfb-mobile-header-display":"","site-post-title":"disabled","ast-breadcrumbs-content":"","ast-featured-img":"disabled","footer-sml-layout":"","theme-transparent-header-meta":"enabled","adv-header-id-meta":"","stick-header-meta":"","header-above-stick-meta":"","header-main-stick-meta":"","header-below-stick-meta":"","footnotes":""},"class_list":["post-295","page","type-page","status-publish","hentry"],"aioseo_notices":[],"_links":{"self":[{"href":"https:\/\/santosexavier.com.br\/index.php?rest_route=\/wp\/v2\/pages\/295","targetHints":{"allow":["GET"]}}],"collection":[{"href":"https:\/\/santosexavier.com.br\/index.php?rest_route=\/wp\/v2\/pages"}],"about":[{"href":"https:\/\/santosexavier.com.br\/index.php?rest_route=\/wp\/v2\/types\/page"}],"author":[{"embeddable":true,"href":"https:\/\/santosexavier.com.br\/index.php?rest_route=\/wp\/v2\/users\/1"}],"replies":[{"embeddable":true,"href":"https:\/\/santosexavier.com.br\/index.php?rest_route=%2Fwp%2Fv2%2Fcomments&post=295"}],"version-history":[{"count":11,"href":"https:\/\/santosexavier.com.br\/index.php?rest_route=\/wp\/v2\/pages\/295\/revisions"}],"predecessor-version":[{"id":1121,"href":"https:\/\/santosexavier.com.br\/index.php?rest_route=\/wp\/v2\/pages\/295\/revisions\/1121"}],"wp:attachment":[{"href":"https:\/\/santosexavier.com.br\/index.php?rest_route=%2Fwp%2Fv2%2Fmedia&parent=295"}],"curies":[{"name":"wp","href":"https:\/\/api.w.org\/{rel}","templated":true}]}}